{"id":9865,"date":"2025-04-17T11:12:34","date_gmt":"2025-04-17T11:12:34","guid":{"rendered":"https:\/\/websitedesign-entwurf.de\/3\/entwurf4\/?post_type=product&#038;p=9865"},"modified":"2025-12-15T12:25:01","modified_gmt":"2025-12-15T12:25:01","slug":"sakret-mzp-01-wasserabweisend","status":"publish","type":"product","link":"https:\/\/websitedesign-entwurf.de\/3\/entwurf4\/produkt\/sakret-mzp-01-wasserabweisend\/","title":{"rendered":"SAKRET   MZP 01 wasserabweisend"},"content":{"rendered":"<p>bei 10mm ca 2m\u00b2<\/p>\n<p>Hydraulisch erh\u00e4rtender, wasserabweisender Zementputz mit hoher Festigkeit<\/p>\n<p>Zementputz mit hoher mechanischer Festigkeit und gro\u00dfem Feuchtewiderstand<\/p>\n<p>MZP ist ein mechanisch robuster Putz mit erh\u00f6hter Abriebfestigkeit, der besonders widerstandsf\u00e4hig gegen Feuchtebelastungen ist. Er wird als Sockelputz an der Fassade und Kellerwandau\u00dfenputz im Verbund mit Abdichtungen eingesetzt, au\u00dferdem als Unterputz bzw. Grundputz f\u00fcr SAKRET Oberputze oder als Untergrund f\u00fcr die Fliesenverlegung im D\u00fcnnbettverfahren. Er kann auch mit Anstrichen beschichtet werden.<\/p>\n","protected":false},"excerpt":{"rendered":"<p>30 kg\/Sa. # NICHT BESTELLEN<\/p>\n","protected":false},"featured_media":9867,"comment_status":"open","ping_status":"closed","template":"","meta":[],"product_brand":[],"product_cat":[78],"product_tag":[],"class_list":{"0":"post-9865","1":"product","2":"type-product","3":"status-publish","4":"has-post-thumbnail","6":"product_cat-putze","8":"first","9":"instock","10":"sale","11":"taxable","12":"shipping-taxable","13":"purchasable","14":"product-type-simple"},"acf":[],"_links":{"self":[{"href":"https:\/\/websitedesign-entwurf.de\/3\/entwurf4\/wp-json\/wp\/v2\/product\/9865","targetHints":{"allow":["GET"]}}],"collection":[{"href":"https:\/\/websitedesign-entwurf.de\/3\/entwurf4\/wp-json\/wp\/v2\/product"}],"about":[{"href":"https:\/\/websitedesign-entwurf.de\/3\/entwurf4\/wp-json\/wp\/v2\/types\/product"}],"replies":[{"embeddable":true,"href":"https:\/\/websitedesign-entwurf.de\/3\/entwurf4\/wp-json\/wp\/v2\/comments?post=9865"}],"version-history":[{"count":2,"href":"https:\/\/websitedesign-entwurf.de\/3\/entwurf4\/wp-json\/wp\/v2\/product\/9865\/revisions"}],"predecessor-version":[{"id":9868,"href":"https:\/\/websitedesign-entwurf.de\/3\/entwurf4\/wp-json\/wp\/v2\/product\/9865\/revisions\/9868"}],"wp:featuredmedia":[{"embeddable":true,"href":"https:\/\/websitedesign-entwurf.de\/3\/entwurf4\/wp-json\/wp\/v2\/media\/9867"}],"wp:attachment":[{"href":"https:\/\/websitedesign-entwurf.de\/3\/entwurf4\/wp-json\/wp\/v2\/media?parent=9865"}],"wp:term":[{"taxonomy":"product_brand","embeddable":true,"href":"https:\/\/websitedesign-entwurf.de\/3\/entwurf4\/wp-json\/wp\/v2\/product_brand?post=9865"},{"taxonomy":"product_cat","embeddable":true,"href":"https:\/\/websitedesign-entwurf.de\/3\/entwurf4\/wp-json\/wp\/v2\/product_cat?post=9865"},{"taxonomy":"product_tag","embeddable":true,"href":"https:\/\/websitedesign-entwurf.de\/3\/entwurf4\/wp-json\/wp\/v2\/product_tag?post=9865"}],"curies":[{"name":"wp","href":"https:\/\/api.w.org\/{rel}","templated":true}]}}