{"id":10657,"date":"2025-04-18T07:24:29","date_gmt":"2025-04-18T07:24:29","guid":{"rendered":"https:\/\/websitedesign-entwurf.de\/3\/entwurf4\/?post_type=product&#038;p=10657"},"modified":"2025-12-15T12:25:45","modified_gmt":"2025-12-15T12:25:45","slug":"zero-seidenglanz-480-slf-3","status":"publish","type":"product","link":"https:\/\/websitedesign-entwurf.de\/3\/entwurf4\/produkt\/zero-seidenglanz-480-slf-3\/","title":{"rendered":"ZERO Seidenglanz 480 SLF"},"content":{"rendered":"<p>Zero Seidenglanz 480 SLF<\/p>\n<p>Kunstharzdispersion<br \/>\nHerrliches Wei\u00df<br \/>\nSuper Verlauf<\/p>\n<p>Strapazierf\u00e4hige, seidengl\u00e4nzende Premium-Innendispersion mit hoher Reinigungsf\u00e4higkeit. Eine Innenfarbe mit hervorragendem Deckverm\u00f6gen, idealem Verlauf und Nassabrieb-Klasse 1. SLF-Profiqualit\u00e4t, frei von foggingaktiven Substanzen. Desinfektionsmittelbest\u00e4ndig. Unbedenkliche Verwendung in R\u00e4umen, in denen Lebensmittel hergestellt bzw. behandelt werden.<\/p>\n<p>Verpackung<br \/>\n12,5 l 5 l 2,5 l 1 l<\/p>\n<p>Verbrauch ca. 140ml\/m\u00b2<\/p>\n","protected":false},"excerpt":{"rendered":"<p>2,5l wei\u00df<\/p>\n","protected":false},"featured_media":10025,"comment_status":"open","ping_status":"closed","template":"","meta":[],"product_brand":[],"product_cat":[73],"product_tag":[],"class_list":{"0":"post-10657","1":"product","2":"type-product","3":"status-publish","4":"has-post-thumbnail","6":"product_cat-innenfarbe","8":"first","9":"instock","10":"taxable","11":"shipping-taxable","12":"purchasable","13":"product-type-simple"},"acf":[],"_links":{"self":[{"href":"https:\/\/websitedesign-entwurf.de\/3\/entwurf4\/wp-json\/wp\/v2\/product\/10657","targetHints":{"allow":["GET"]}}],"collection":[{"href":"https:\/\/websitedesign-entwurf.de\/3\/entwurf4\/wp-json\/wp\/v2\/product"}],"about":[{"href":"https:\/\/websitedesign-entwurf.de\/3\/entwurf4\/wp-json\/wp\/v2\/types\/product"}],"replies":[{"embeddable":true,"href":"https:\/\/websitedesign-entwurf.de\/3\/entwurf4\/wp-json\/wp\/v2\/comments?post=10657"}],"version-history":[{"count":3,"href":"https:\/\/websitedesign-entwurf.de\/3\/entwurf4\/wp-json\/wp\/v2\/product\/10657\/revisions"}],"predecessor-version":[{"id":11608,"href":"https:\/\/websitedesign-entwurf.de\/3\/entwurf4\/wp-json\/wp\/v2\/product\/10657\/revisions\/11608"}],"wp:featuredmedia":[{"embeddable":true,"href":"https:\/\/websitedesign-entwurf.de\/3\/entwurf4\/wp-json\/wp\/v2\/media\/10025"}],"wp:attachment":[{"href":"https:\/\/websitedesign-entwurf.de\/3\/entwurf4\/wp-json\/wp\/v2\/media?parent=10657"}],"wp:term":[{"taxonomy":"product_brand","embeddable":true,"href":"https:\/\/websitedesign-entwurf.de\/3\/entwurf4\/wp-json\/wp\/v2\/product_brand?post=10657"},{"taxonomy":"product_cat","embeddable":true,"href":"https:\/\/websitedesign-entwurf.de\/3\/entwurf4\/wp-json\/wp\/v2\/product_cat?post=10657"},{"taxonomy":"product_tag","embeddable":true,"href":"https:\/\/websitedesign-entwurf.de\/3\/entwurf4\/wp-json\/wp\/v2\/product_tag?post=10657"}],"curies":[{"name":"wp","href":"https:\/\/api.w.org\/{rel}","templated":true}]}}