{"id":10257,"date":"2025-04-18T02:42:04","date_gmt":"2025-04-18T02:42:04","guid":{"rendered":"https:\/\/websitedesign-entwurf.de\/3\/entwurf4\/?post_type=product&#038;p=10257"},"modified":"2025-12-15T12:25:47","modified_gmt":"2025-12-15T12:25:47","slug":"suedwest-euro-classic","status":"publish","type":"product","link":"https:\/\/websitedesign-entwurf.de\/3\/entwurf4\/produkt\/suedwest-euro-classic\/","title":{"rendered":"S\u00fcdwest Euro Classic"},"content":{"rendered":"<p>S\u00fcdwest EuroClassic<\/p>\n<p>hohes Deckverm\u00f6gen, hoher Wei\u00dfgrad, gute Ausbesserbarkeit, gute Verarbeitungseigenschaften, l\u00f6semittel- und weichmacherfrei, emissionsarm, frei von fogging-aktiven Substanzen, T\u00dcV S\u00dcD &#8211; Pr\u00fcfung auf gesundheitsrelevante Inhaltsstoffe und Emissionen,, regelm\u00e4\u00dfige Produkt- und Prozess\u00fcberwachung, Kontrolle der Einsatzstoffe, (www.tuvsud.com\/schadstoffpruefung-bauprodukte), Nassabriebklasse: 3, Kontrastverh\u00e4ltnis: Klasse 1 bei 6,5 m\u00b2\/l, maximale Korngr\u00f6\u00dfe: fein<\/p>\n<p>Verpackung<br \/>\n1 l, 2,5 l, 5 l, 10 l, 12,5 l<\/p>\n<p>Verbrauch ca. 150 ml\/m\u00b2 pro Anstrich, je nach Saugf\u00e4higkeit und Rauhigkeit des Untergrundes kann es zu einem abweichenden Verbrauch kommen.<\/p>\n","protected":false},"excerpt":{"rendered":"<p>5 l  wei\u00df<\/p>\n","protected":false},"featured_media":10106,"comment_status":"open","ping_status":"closed","template":"","meta":[],"product_brand":[],"product_cat":[73],"product_tag":[],"class_list":{"0":"post-10257","1":"product","2":"type-product","3":"status-publish","4":"has-post-thumbnail","6":"product_cat-innenfarbe","8":"first","9":"instock","10":"taxable","11":"shipping-taxable","12":"purchasable","13":"product-type-simple"},"acf":[],"_links":{"self":[{"href":"https:\/\/websitedesign-entwurf.de\/3\/entwurf4\/wp-json\/wp\/v2\/product\/10257","targetHints":{"allow":["GET"]}}],"collection":[{"href":"https:\/\/websitedesign-entwurf.de\/3\/entwurf4\/wp-json\/wp\/v2\/product"}],"about":[{"href":"https:\/\/websitedesign-entwurf.de\/3\/entwurf4\/wp-json\/wp\/v2\/types\/product"}],"replies":[{"embeddable":true,"href":"https:\/\/websitedesign-entwurf.de\/3\/entwurf4\/wp-json\/wp\/v2\/comments?post=10257"}],"version-history":[{"count":2,"href":"https:\/\/websitedesign-entwurf.de\/3\/entwurf4\/wp-json\/wp\/v2\/product\/10257\/revisions"}],"predecessor-version":[{"id":11687,"href":"https:\/\/websitedesign-entwurf.de\/3\/entwurf4\/wp-json\/wp\/v2\/product\/10257\/revisions\/11687"}],"wp:featuredmedia":[{"embeddable":true,"href":"https:\/\/websitedesign-entwurf.de\/3\/entwurf4\/wp-json\/wp\/v2\/media\/10106"}],"wp:attachment":[{"href":"https:\/\/websitedesign-entwurf.de\/3\/entwurf4\/wp-json\/wp\/v2\/media?parent=10257"}],"wp:term":[{"taxonomy":"product_brand","embeddable":true,"href":"https:\/\/websitedesign-entwurf.de\/3\/entwurf4\/wp-json\/wp\/v2\/product_brand?post=10257"},{"taxonomy":"product_cat","embeddable":true,"href":"https:\/\/websitedesign-entwurf.de\/3\/entwurf4\/wp-json\/wp\/v2\/product_cat?post=10257"},{"taxonomy":"product_tag","embeddable":true,"href":"https:\/\/websitedesign-entwurf.de\/3\/entwurf4\/wp-json\/wp\/v2\/product_tag?post=10257"}],"curies":[{"name":"wp","href":"https:\/\/api.w.org\/{rel}","templated":true}]}}