{"id":10230,"date":"2025-04-18T02:18:01","date_gmt":"2025-04-18T02:18:01","guid":{"rendered":"https:\/\/websitedesign-entwurf.de\/3\/entwurf4\/?post_type=product&#038;p=10230"},"modified":"2025-12-15T12:25:48","modified_gmt":"2025-12-15T12:25:48","slug":"pufas-wandbelags-und-boduerenkleber-bw-plus-3","status":"publish","type":"product","link":"https:\/\/websitedesign-entwurf.de\/3\/entwurf4\/produkt\/pufas-wandbelags-und-boduerenkleber-bw-plus-3\/","title":{"rendered":"Pufas Wandbelags- und Bod\u00fcrenkleber BW Plus"},"content":{"rendered":"<p>Wandbelags-Kleber BW plus<\/p>\n<p>Wandbelagskleber f\u00fcr die fachgerechte Verklebung schwerer Wandbel\u00e4ge, Textil-, Vinyl-, Struktur-, Glasgewebe- und Metalltapeten sowie Renovier- und Saniervlies.<br \/>\nBord\u00fcrenkleber f\u00fcr alle handels\u00fcblichen Bord\u00fcren aus Papier, Vinyl oder Vlies.<br \/>\nKlebkraftverst\u00e4rker f\u00fcr Tapetenkleister. F\u00fcr sichere Tapezierungen z. B. in Feuchtr\u00e4umen, Fenster- oder Heizk\u00f6rpernischen und auf allen schwach oder nicht saugenden Untergr\u00fcnden wie z. B. Latex- oder \u00d6lfarbensockeln, Jalousiek\u00e4sten etc. <\/p>\n<p>Verpackung<br \/>\n10kg \/ 5kg \/ 3kg \/ 0,75kg<\/p>\n<p>Verbrauch Ca. 200-300 g\/m\u00b2. Genaue Verbrauchsmenge durch Probeauftrag am Objekt ermitteln.<\/p>\n","protected":false},"excerpt":{"rendered":"<p>10 Kg<\/p>\n","protected":false},"featured_media":10134,"comment_status":"open","ping_status":"closed","template":"","meta":[],"product_brand":[],"product_cat":[86],"product_tag":[],"class_list":{"0":"post-10230","1":"product","2":"type-product","3":"status-publish","4":"has-post-thumbnail","6":"product_cat-chemische-stoffe","8":"first","9":"instock","10":"taxable","11":"shipping-taxable","12":"purchasable","13":"product-type-simple"},"acf":[],"_links":{"self":[{"href":"https:\/\/websitedesign-entwurf.de\/3\/entwurf4\/wp-json\/wp\/v2\/product\/10230","targetHints":{"allow":["GET"]}}],"collection":[{"href":"https:\/\/websitedesign-entwurf.de\/3\/entwurf4\/wp-json\/wp\/v2\/product"}],"about":[{"href":"https:\/\/websitedesign-entwurf.de\/3\/entwurf4\/wp-json\/wp\/v2\/types\/product"}],"replies":[{"embeddable":true,"href":"https:\/\/websitedesign-entwurf.de\/3\/entwurf4\/wp-json\/wp\/v2\/comments?post=10230"}],"version-history":[{"count":2,"href":"https:\/\/websitedesign-entwurf.de\/3\/entwurf4\/wp-json\/wp\/v2\/product\/10230\/revisions"}],"predecessor-version":[{"id":11715,"href":"https:\/\/websitedesign-entwurf.de\/3\/entwurf4\/wp-json\/wp\/v2\/product\/10230\/revisions\/11715"}],"wp:featuredmedia":[{"embeddable":true,"href":"https:\/\/websitedesign-entwurf.de\/3\/entwurf4\/wp-json\/wp\/v2\/media\/10134"}],"wp:attachment":[{"href":"https:\/\/websitedesign-entwurf.de\/3\/entwurf4\/wp-json\/wp\/v2\/media?parent=10230"}],"wp:term":[{"taxonomy":"product_brand","embeddable":true,"href":"https:\/\/websitedesign-entwurf.de\/3\/entwurf4\/wp-json\/wp\/v2\/product_brand?post=10230"},{"taxonomy":"product_cat","embeddable":true,"href":"https:\/\/websitedesign-entwurf.de\/3\/entwurf4\/wp-json\/wp\/v2\/product_cat?post=10230"},{"taxonomy":"product_tag","embeddable":true,"href":"https:\/\/websitedesign-entwurf.de\/3\/entwurf4\/wp-json\/wp\/v2\/product_tag?post=10230"}],"curies":[{"name":"wp","href":"https:\/\/api.w.org\/{rel}","templated":true}]}}