{"id":10182,"date":"2025-04-18T01:27:02","date_gmt":"2025-04-18T01:27:02","guid":{"rendered":"https:\/\/websitedesign-entwurf.de\/3\/entwurf4\/?post_type=product&#038;p=10182"},"modified":"2025-12-15T12:25:46","modified_gmt":"2025-12-15T12:25:46","slug":"zero-renotop-housepaint-2","status":"publish","type":"product","link":"https:\/\/websitedesign-entwurf.de\/3\/entwurf4\/produkt\/zero-renotop-housepaint-2\/","title":{"rendered":"ZERO RenoTop HousePaint"},"content":{"rendered":"<p>Zero RenoTop HousePaint<\/p>\n<p>Hoch elastisch<br \/>\nReinacrylat<br \/>\nNur 120 ml\/m\u00b2<\/p>\n<p>Wasserverd\u00fcnnbare Multifunktionsfarbe f\u00fcr Renovierung und Erstanstrich von verschiedensten Untergr\u00fcnden (auch NE-Metalle, Hart-PVC, alte Elastiksysteme und nicht ma\u00dfhaltiges Holz). Mit Clean-Effekt. Mit verkapseltem Filmschutz gegen organischen Befall. Alkaliresistent. Top-Produkt f\u00fcr universellen Einsatz. Besonders hohe Farbtonstabilit\u00e4t.<\/p>\n<p>TSR-T\u00f6nung werkseitig auf Anfrage, Lieferzeit ca. 3 Werktage.<\/p>\n<p>\u2714 Geeignet f\u00fcr alle ZEROTHERM WDV-Systeme.<\/p>\n<p>Verpackung<br \/>\n12,5 l 2,5 l<\/p>\n<p>Verbrauch ca. 120ml\/m\u00b2<\/p>\n","protected":false},"excerpt":{"rendered":"<p>12,5l wei\u00df<\/p>\n","protected":false},"featured_media":10052,"comment_status":"open","ping_status":"closed","template":"","meta":[],"product_brand":[],"product_cat":[73],"product_tag":[],"class_list":{"0":"post-10182","1":"product","2":"type-product","3":"status-publish","4":"has-post-thumbnail","6":"product_cat-innenfarbe","8":"first","9":"instock","10":"taxable","11":"shipping-taxable","12":"purchasable","13":"product-type-simple"},"acf":[],"_links":{"self":[{"href":"https:\/\/websitedesign-entwurf.de\/3\/entwurf4\/wp-json\/wp\/v2\/product\/10182","targetHints":{"allow":["GET"]}}],"collection":[{"href":"https:\/\/websitedesign-entwurf.de\/3\/entwurf4\/wp-json\/wp\/v2\/product"}],"about":[{"href":"https:\/\/websitedesign-entwurf.de\/3\/entwurf4\/wp-json\/wp\/v2\/types\/product"}],"replies":[{"embeddable":true,"href":"https:\/\/websitedesign-entwurf.de\/3\/entwurf4\/wp-json\/wp\/v2\/comments?post=10182"}],"version-history":[{"count":3,"href":"https:\/\/websitedesign-entwurf.de\/3\/entwurf4\/wp-json\/wp\/v2\/product\/10182\/revisions"}],"predecessor-version":[{"id":11633,"href":"https:\/\/websitedesign-entwurf.de\/3\/entwurf4\/wp-json\/wp\/v2\/product\/10182\/revisions\/11633"}],"wp:featuredmedia":[{"embeddable":true,"href":"https:\/\/websitedesign-entwurf.de\/3\/entwurf4\/wp-json\/wp\/v2\/media\/10052"}],"wp:attachment":[{"href":"https:\/\/websitedesign-entwurf.de\/3\/entwurf4\/wp-json\/wp\/v2\/media?parent=10182"}],"wp:term":[{"taxonomy":"product_brand","embeddable":true,"href":"https:\/\/websitedesign-entwurf.de\/3\/entwurf4\/wp-json\/wp\/v2\/product_brand?post=10182"},{"taxonomy":"product_cat","embeddable":true,"href":"https:\/\/websitedesign-entwurf.de\/3\/entwurf4\/wp-json\/wp\/v2\/product_cat?post=10182"},{"taxonomy":"product_tag","embeddable":true,"href":"https:\/\/websitedesign-entwurf.de\/3\/entwurf4\/wp-json\/wp\/v2\/product_tag?post=10182"}],"curies":[{"name":"wp","href":"https:\/\/api.w.org\/{rel}","templated":true}]}}